.
2, 5, 13
Suppose -11*c + 3*c = -1464. What are the prime factors of c?
3, 61
Suppose -l = 2*s + 15, -105 = 5*l + s - 6*s. Let w = 0 - l. List the prime factors of w.
19
Let w(v) = v**2 - v - 16. Let t(i) = -i + 1. Let q(c) = -6*t(c) - w(c). What are the prime factors of q(7)?
2, 5
Suppose -2 = p - 71. List the prime factors of p.
3, 23
Let r(l) = l**3 + 7*l**2 + l - 9. Let d be r(-6). Let j = -15 - -5. Let y = j + d. What are the prime factors of y?
11
Suppose 0 = 5*n - 4*u - 22, 3*u = -3*n - 2*u - 9. Let y be n/2 - (1 - 1). List the prime factors of (y*-2 - 9)/(-1).
11
Suppose -385 = -2*v + 237. List the prime factors of v.
311
List the prime factors of (-1)/1*(-58 - -3).
5, 11
Let n(r) = -r**2 + 2*r + 3. Let t be n(5). What are the prime factors of 28*-1*3/t?
7
Let x = 8 - 13. Let f(n) = -n**3 - 4*n**2 + n - 3. What are the prime factors of f(x)?
17
Suppose 25 + 21 = h. List the prime factors of h.
2, 23
Let f(z) = z**2 - 8*z + 8. Let b(s) = -s**2 + 8*s - 7. Let y(l) = -6*b(l) - 5*f(l). Suppose -a - 4*a = -40. List the prime factors of y(a).
2
List the prime factors of (-3)/((-3)/16*(-4)/(-18)).
2, 3
Suppose 2*m + 2*a - 74 + 8 = 0, -4*m + 3*a = -125. What are the prime factors of m?
2
Let u = 183 - 67. List the prime factors of u.
2, 29
Let g(i) = i - 1. Let l be g(-6). Let o(w) = w**3 + 6*w**2 - 9*w - 1. What are the prime factors of o(l)?
13
Suppose 76 = 4*i - 92. Let d = i - 25. List the prime factors of d.
17
Let o(l) = 23*l - 57. List the prime factors of o(13).
2, 11
Let s be (4/(-6))/(4/(-18)). List the prime factors of 1/((4/s)/4).
3
Let c(m) = 2*m**3 - 3*m**2 - 3*m + 4. Let d be c(4). Let u = -39 + d. What are the prime factors of u?
3, 11
Let x(j) = -j**3 + 3*j**2 - j + 1. Let q be x(2). Suppose 2*a + 12 = -5*u + 46, -5*a - q*u = -66. What are the prime factors of a?
2, 3
Let k(n) = -3*n**3 - 22*n**2 + 13*n - 1. Let q(w) = 4*w**3 + 33*w**2 - 20*w + 1. Let u(a) = 7*k(a) + 5*q(a). List the prime factors of u(10).
2
Suppose -32 = -3*n + 40. What are the prime factors of n?
2, 3
Let d(m) = m + 13. Let k(g) = g**3 + g**2 - 3*g. Let w be k(-3). List the prime factors of d(w).
2
Suppose -15 + 4 = -5*d - 2*l, d + 14 = 5*l. What are the prime factors of (-7)/(d + 6/(-3))?
7
Suppose -64 = 6*t - 10*t. What are the prime factors of t?
2
Suppose -2 + 9 = k - 2*d, -k + 5*d = -16. Suppose k = a - 13. List the prime factors of a.
2, 7
Let w = 8 - 5. Let v be w + 14 - (2 - 1). What are the prime factors of v - (-1 + (3 - 0))?
2, 7
Let q(k) = -5*k - 3 + 2 - 3. Let a be q(-5). Suppose 4*c - 15 - a = 0. What are the prime factors of c?
3
Let b(x) be the first derivative of -7*x**2/2 - 5*x + 1. What are the prime factors of b(-4)?
23
Let b(g) = 41*g**3 + 2*g**2 - g. List the prime factors of b(1).
2, 3, 7
Let q be (-4)/10 - 24/(-10). Suppose -2*g = q*g. Suppose g*z - 2*z + 22 = 0. List the prime factors of z.
11
Let h(s) = -2*s - 10. Let l be h(-7). Suppose -l*m = m - 30. What are the prime factors of m?
2, 3
Suppose 150 = -c - 108. What are the prime factors of c/(-18) - 2/6?
2, 7
Suppose 3*v = 3*s + 2*s + 3, 3*v - 3 = 2*s. Suppose 2*w - 104 = 4*p, s = -4*p + 3*p - 5. What are the prime factors of w?
2, 3, 7
Let o = 19 + 21. Let z = o - 24. What are the prime factors of z?
2
Suppose -30 = -j - j. Let n = j + -9. Suppose -15 = -3*c + n. What are the prime factors of c?
7
Let k(i) = 2*i**2 - 11*i - 31. List the prime factors of k(12).
5
Suppose -3*x + 7*x = 0. Let v = x - -6. List the prime factors of v.
2, 3
Let m be (0/(-1))/((-2)/2). Suppose 5*l - 44 = -2*i - m*i, -12 = -3*l. Let s = -9 + i. What are the prime factors of s?
3
Let k(g) = 6*g + 30. What are the prime factors of k(12)?
2, 3, 17
List the prime factors of (-2)/((3 - 4)/52).
2, 13
Let k = 88 + -62. List the prime factors of k.
2, 13
Suppose -d = d + 5*s - 83, -56 = -2*d + 4*s. List the prime factors of d.
2, 17
Let d = -3 - -6. Let q(l) = -7*l + 1. Let x(f) = -20*f + 3. Let v(p) = 17*q(p) - 6*x(p). List the prime factors of v(d).
2
Let a(m) = -m**3 - 5*m**2 + 7*m + 1. Let p = -9 - -3. Let k be a(p). List the prime factors of 10/k - 14/(-2).
5
Suppose 6*d + 4*x - 392 = 2*d, 427 = 4*d - 3*x. List the prime factors of d.
103
Suppose 0 = -a - 2*a + 27. What are the prime factors of a?
3
Let a(q) = 18*q + 6. Let b(p) = -19*p - 7. Let w(g) = 5*a(g) + 4*b(g). Let z be w(2). Suppose -z = -5*j + 10. List the prime factors of j.
2
Suppose 5*u = 3*n + 29, 5 + 6 = 5*u + 3*n. Suppose -5*k + 0*x = -4*x + 314, -3*x = u*k + 276. What are the prime factors of k/(-4)*12/18?
11
Let r = 198 + -101. List the prime factors of r.
97
Suppose -2*t = -4*t + 364. List the prime factors of (t/(-39))/((-4)/18).
3, 7
Let f = 5 + -3. Let p be -1 - 1 - -2*f. Let o = p - -6. List the prime factors of o.
2
Let v be (3/(-2))/(12/(-16)). Let l = 16 - v. What are the prime factors of l?
2, 7
Suppose -f - 43 = -2*f + q, 27 = f + 3*q. List the prime factors of f.
3, 13
Let s(r) = r**3 + 10*r**2 + 7*r - 14. What are the prime factors of s(-8)?
2, 29
Let m = 9 - 5. Suppose -n + 12 = 5*l - 1, 0 = -2*n - m. Suppose z + l = 2*z. What are the prime factors of z?
3
List the prime factors of (-4 - -4 - 306)/(-2).
3, 17
Let d(t) = -2*t + 2. Let m be d(4). Let a(n) = n**3 + 8*n**2 + 8*n - 3. List the prime factors of a(m).
3, 7
Let h(k) = 3*k + 1. Let q be h(1). List the prime factors of (-3)/(3/(-2))*q.
2
Let y be 34/6 - 16/24. Let q = y - 0. What are the prime factors of q?
5
Let h(u) = u**2 - 3*u. Let b be h(3). Suppose b = 5*m + 7 - 2. Let p = 3 - m. List the prime factors of p.
2
Let h(p) = -p**3 + 6*p**2 + p + 4. Let u be h(6). Suppose 2*z - m + 6*m + 4 = 0, 10 = -5*m. Suppose 0 = -4*o + z*o + u. What are the prime factors of o?
2, 5
Let j(t) = -t - 1. Let a(h) = -4*h - 4. Let q(s) = -a(s) + 3*j(s). Let b(r) = 6*r + 5. Let c(m) = 2*b(m) - 11*q(m). List the prime factors of c(6).
5
Let m = 28 - 18. What are the prime factors of m?
2, 5
Let o be (-2)/(-6) + (-1360)/30. Let w = -26 - o. List the prime factors of w.
19
Let n be (-2)/((-417)/(-141) - 3). Let y = -26 + n. List the prime factors of y.
3, 7
Let j(w) = -w**3 + 4*w**2 - 2*w + 2. Let g(y) = -2*y - 7. Let a be g(-5). List the prime factors of j(a).
5
Let y = -62 - 9. Let n = y + 106. What are the prime factors of n?
5, 7
List the prime factors of 498/21 + 2/7.
2, 3
What are the prime factors of 1 - (2 + -1) - (-8 - 2)?
2, 5
List the prime factors of 2/4*(115 + 2 + 1).
59
Suppose -8*q + 4*q + 3*b = -524, 262 = 2*q + b. List the prime factors of q.
131
Let b be ((-2)/5)/((-3)/15). Suppose 0 = -b*j - 2*j - 4, 4*q + 14 = 2*j. What are the prime factors of (-56)/(-6) + q/(-6)?
2, 5
Let r(b) = -b**3 - 8*b**2 - 6. Let x be r(-8). Let v(u) = -7*u**2 - 4*u - 13. Let l(z) = z**2 - z + 1. Let p(s) = 6*l(s) + v(s). List the prime factors of p(x).
17
Suppose 0 = -2*i + 4 + 16. Let t(x) = x**2 - 8*x + 9. What are the prime factors of t(i)?
29
Suppose 164 - 820 = -8*d. What are the prime factors of d?
2, 41
Let h(g) = -g**3 + 3*g**2 + 5*g + 1. Let v be h(4). Suppose v*y - 4*u = 35, 6*y - 3*u = 4*y + 14. List the prime factors of y.
7
Suppose c - 2*k = 7, 2*c = 5*k + 3 + 7. List the prime factors of c.
3, 5
Let k be 5/(-1*(-3 - -4)). Let m = k + 42. Let d = m + -19. List the prime factors of d.
2, 3
Let p = -5 + 3. Let q be 0/(1 + -2 + p). Suppose -n + 2 + 1 = q. List the prime factors of n.
3
Suppose -4*h = -0*h - 16. Suppose 5*d - 2*d = -5*q - 11, 5*q + 8 = -h*d. Suppose -b + d = -0*b. List the prime factors of b.
3
Let p(t) = -51*t + 3. What are the prime factors of p(-4)?
3, 23
Suppose -4*v + 13 = -7. Let x = 12 - v. What are the prime factors of x?
7
Let y(f) = f**3 - 3*f**2 + 2*f. Let g be y(2). Let j = 8 - 5. Suppose 0 = j*n - g*n - 36. What are the prime factors of n?
2, 3
List the prime factors of (-362)/(-13) - (-2)/13.
2, 7
Let u(i) = -i - 7. Let s be u(-5). Let t be 6/15*(-20)/(-8). List the prime factors of (-1)/s*(7 - t).
3
Let h(d) = d**3 - 2*d**2 + 3*d - 2. Let a be h(2). Suppose 4 = 2*s, a*k = 4*s - 3 + 35. What are the prime factors of k?
2, 5
Let f(j) = -2*j + 11. Suppose -3*q - 4 - 14 = 0. List the prime factors of f(q).
23
Suppose -3*j + 3 = 0, -8*j + 14 = r - 4*j. What are the prime factors of r?
2, 5
Suppose -4*j + 0*x + 2 = x, 5*j + 5*x - 10 = 0. Suppose -2*n = 